se
Is 62919 a multiple of 10?
False
Is 203 a factor of 176407?
True
Is 44 a factor of 15312?
True
Does 27 divide 2959672?
False
Does 18 divide 1770066?
True
Is 19 a factor of 107084?
True
Is 80342 a multiple of 75?
False
Is 64 a factor of 1678673?
False
Is 100 a factor of 2512800?
True
Is 9 a factor of 141453?
True
Does 17 divide 63263?
False
Is 151093 even?
False
Is 554884 a multiple of 7?
False
Is 29 a factor of 2964818?
False
Is 183 a factor of 1808772?
True
Is 54 a factor of 181356?
False
Does 479 divide 1895403?
True
Is 4 a factor of 364976?
True
Does 606 divide 953104?
False
Is 21304 a multiple of 6?
False
Does 62 divide 904188?
False
Is 6 a factor of 56616?
True
Is 1416307 a multiple of 6?
False
Is 1242752 a multiple of 532?
True
Is 480 a factor of 11040?
True
Is 529 a factor of 193614?
True
Is 52780 a multiple of 58?
True
Does 95 divide 70335?
False
Is 566932 a multiple of 46?
False
Is 47 a factor of 506255?
False
Is 13236863 a multiple of 19?
True
Is 1828989 a multiple of 84?
False
Does 87 divide 6154480?
False
Is 50244 a multiple of 6?
True
Is 4344743 a multiple of 56?
False
Does 246 divide 414461?
False
Is 6 a factor of 4308?
True
Is 38 a factor of 1996000?
False
Does 214 divide 12818386?
True
Is 18 a factor of 180162?
True
Is 2 a factor of 817?
False
Is 4 a factor of 44971?
False
Is 53 a factor of 137111?
True
Is 19706 a multiple of 15?
False
Is 308 a factor of 998831?
False
Is 3 a factor of 3141?
True
Is 1937 a factor of 5965041?
False
Does 57 divide 1114350?
True
Is 1127 a factor of 5256725?
False
Is 5880 a multiple of 3?
True
Is 1543600 a multiple of 200?
True
Is 971504 a multiple of 5?
False
Is 62382 a multiple of 118?
False
Does 403 divide 6008327?
True
Does 243 divide 243?
True
Is 91324 a multiple of 289?
True
Is 87 a factor of 420311?
False
Is 15352 a multiple of 182?
False
Is 464120 a multiple of 328?
True
Is 5 a factor of 12082411?
False
Does 160 divide 206963?
False
Is 328 a factor of 1964720?
True
Is 1451530 a multiple of 10?
True
Is 7 a factor of 42674?
False
Is 5084 a multiple of 41?
True
Is 573800 a multiple of 22?
False
Is 620 a factor of 541281?
False
Does 9 divide 330734?
False
Is 208707 a multiple of 219?
True
Is 58 a factor of 3894957?
False
Is 3 a factor of 956829?
True
Does 147 divide 1695288?
False
Does 23 divide 4857584?
False
Is 16383 even?
False
Is 80 a factor of 14641680?
True
Is 2950866 a multiple of 261?
True
Is 1073998 a multiple of 27?
False
Is 711751 a multiple of 27?
False
Does 342 divide 4771926?
True
Is 133487 a multiple of 3?
False
Is 12 a factor of 7469340?
True
Does 138 divide 2005650?
False
Is 1256372 a multiple of 37?
True
Is 9 a factor of 5478013?
False
Is 101 a factor of 121866?
False
Is 4 a factor of 1684072?
True
Is 10304 a multiple of 298?
False
Is 3436686 a multiple of 374?
True
Does 3 divide 1184217?
True
Is 324070 a multiple of 230?
True
Is 6 a factor of 965426?
False
Is 13 a factor of 14232141?
False
Is 133876 a multiple of 23?
False
Is 3040850 a multiple of 219?
False
Is 1288872 a multiple of 216?
True
Is 34 a factor of 265914?
True
Is 424270 a multiple of 11?
True
Is 19 a factor of 1069466?
False
Is 271 a factor of 147966?
True
Does 139 divide 44500?
False
Is 457838 a multiple of 452?
False
Is 5 a factor of 3597275?
True
Is 13 a factor of 35705?
False
Does 503 divide 90037?
True
Does 816 divide 145469?
False
Does 17 divide 1322403?
False
Is 178066 a multiple of 23?
True
Does 28 divide 65828?
True
Is 79912 a multiple of 15?
False
Does 15 divide 2801685?
True
Is 5104905 a multiple of 65?
True
Is 11 a factor of 1377195?
False
Is 9 a factor of 1246650?
False
Does 19 divide 156066?
True
Is 304 a factor of 2439600?
True
Is 298503 a multiple of 12?
False
Does 36 divide 256862?
False
Is 7 a factor of 39312?
True
Is 43 a factor of 167184?
True
Is 59 a factor of 508083?
False
Is 4030948 a multiple of 15?
False
Does 457 divide 3106229?
True
Is 18 a factor of 11592?
True
Is 59025 a multiple of 75?
True
Is 7 a factor of 103411?
True
Is 63600 a multiple of 8?
True
Does 73 divide 3577342?
False
Is 70 a factor of 98840?
True
Is 51 a factor of 237678?
False
Is 23 a factor of 686366?
True
Does 21 divide 2462509?
False
Does 24 divide 196536?
True
Is 951954 a multiple of 9?
False
Does 782 divide 11399214?
True
Does 5 divide 114570?
True
Does 67 divide 66330?
True
Is 232 a factor of 5262657?
False
Is 614299 a multiple of 127?
True
Is 5080530 a multiple of 39?
True
Is 114363 a multiple of 48?
False
Is 490 a factor of 2191801?
False
Is 1155525 a multiple of 19?
False
Does 216 divide 159408?
True
Is 922320 a multiple of 356?
False
Is 35942 a multiple of 180?
False
Is 12708337 a multiple of 1155?
False
Does 22 divide 5752846?
True
Is 142 a factor of 947566?
True
Is 119535 a multiple of 5?
True
Does 542 divide 296474?
True
Is 1227966 a multiple of 11?
False
Is 74976 a multiple of 132?
True
Is 247 a factor of 4809584?
True
Is 15 a factor of 1112695?
False
Does 1299 divide 5917806?
False
Is 9275880 a multiple of 102?
True
Is 122 a factor of 830965?
False
Does 114 divide 974586?
True
Is 424429 a multiple of 306?
False
Is 21 a factor of 76818?
True
Is 789 a multiple of 263?
True
Does 114 divide 1408009?
False
Does 323 divide 30362?
True
Is 269880 a multiple of 60?
True
Does 44 divide 398376?
True
Is 341 a factor of 977647?
True
Is 22 a factor of 3834876?
False
Is 36545 a multiple of 8?
False
Is 28 a factor of 163872?
False
Is 12 a factor of 976968?
True
Is 12 a factor of 334130?
False
Is 360 a factor of 597960?
True
Is 394760 a multiple of 556?
True
Is 10387 a multiple of 17?
True
Does 245 divide 3312645?
True
Does 37 divide 8624480?
False
Is 4596352 a multiple of 29?
False
Is 326076 a multiple of 348?
True
Is 180 a factor of 115020?
True
Does 236 divide 8900?
False
Is 335011 a multiple of 7?
False
Is 84 a factor of 98028?
True
Is 55110 a multiple of 19?
False
Is 80 a factor of 323760?
True
Does 142 divide 1504632?
True
Is 12850 a multiple of 38?
False
Does 14 divide 733204?
False
Is 156288 a multiple of 12?
True
Is 306 a factor of 153451?
False
Does 423 divide 7350894?
True
Is 2026 a multiple of 3?
False
Is 10664423 a multiple of 326?
False
Does 70 divide 54672?
False
Is 6972 a multiple of 100?
False
Does 9 divide 63327?
False
Does 20 divide 1259480?
True
Is 21 a factor of 834476?
False
Is 93 a factor of 69192?
True
Does 142 divide 137126?
False
Is 347 a factor of 525787?
False
Is 802 a factor of 526895?
False
Is 99 a factor of 8851689?
True
Is 15 a factor of 6292057?
False
Is 1981356 a multiple of 12?
True
Does 150 divide 129166?
False
Is 3340012 a multiple of 52?
True
Does 22 divide 584954?
False
Does 3 divide 41718?
True
Is 371 a factor of 3733021?
False
Does 313 divide 1811644?
True
Is 6600 a multiple of 6?
True
Is 428220 a multiple of 180?
True
Is 94252 a multiple of 250?
False
Is 21 a factor of 118209?
True
Is 34904 a multiple of 4?
True
Is 250306 a multiple of 374?
False
Is 22 a factor of 41419?
False
Is 3762460 a multiple of 130?
True
Is 111 a factor of 6038447?
False
Is 220 a factor of 2507780?
True
Is 15 a factor of 9599775?
True
Is 68 a factor of 264743?
False
Does 582 divide 708046?
False
Is 598488 a multiple of 44?
True
Is 457536 a multiple of 185?
False
Is 34452 a multiple of 8?
False
Does 454 divide 106133?
False
Is 2 a factor of 6277?
False
Is 4096470 a multiple of 105?
True
Is 14901 a multiple of 180?
False
Is 175 a factor of 511601?
False
Is 816345 a multiple of 27?
True
Is 13 a factor of 3202678?
False
Is 487964 a multiple of 19?
False
Is 35 a factor of 751221?
False
Is 23663 even?
False
Is 20388161 a multiple of 56?
False
Does 105 divide 1340649?
False
Is 2276 even?
True
Is 3993159 a multiple of 16?
False
Is 658656 a multiple of 52?
False
Does 184 divide 1565840?
True
Is 14 a factor of 1423661?
False
Is 47464 a multiple of 4?
True
Is 1137298 a multiple of 278?
True
Is 13 a factor of 264554?
False
Does 57 divide 25635?
False
Does 22 divide 41140?
True
Is 114782 a multiple of 93?
False
Is 11 a factor of 495977?
False
Is 21 a factor of 29264?
False
Is 15 a factor of 841155?
True
Is 153948 a multiple of 20?
False
Does 54 divide 31374?
True
Does 10 divide 15331240?
True
Is 354 a factor of 1442904?
True
Is 86 a factor of 2534936?
True
Is 78540 a multiple of 33?
True
Is 24249 a multiple of 2?
